 common divisor of 12 and 352.
4
What is the highest common divisor of 323 and 238?
17
Calculate the greatest common divisor of 847 and 28.
7
What is the greatest common factor of 176 and 96?
16
What is the greatest common divisor of 108 and 666?
18
What is the greatest common divisor of 1513 and 178?
89
What is the greatest common factor of 12 and 26?
2
Calculate the highest common factor of 423 and 94.
47
Calculate the highest common divisor of 172 and 8.
4
What is the greatest common factor of 2546 and 38?
38
What is the greatest common divisor of 18 and 603?
9
Calculate the highest common factor of 1102 and 261.
29
Calculate the highest common factor of 32 and 1888.
32
Calculate the highest common factor of 1474 and 594.
22
Calculate the highest common factor of 92 and 9062.
46
What is the highest common divisor of 323 and 35530?
323
What is the greatest common divisor of 11 and 2189?
11
What is the highest common factor of 19783 and 271?
271
Calculate the greatest common divisor of 22 and 176.
22
Calculate the greatest common factor of 1150 and 46.
46
What is the highest common divisor of 14 and 26?
2
What is the greatest common factor of 47 and 29610?
47
What is the greatest common factor of 410 and 40?
10
What is the greatest common divisor of 42 and 1176?
42
Calculate the highest common divisor of 10 and 2690.
10
Calculate the highest common divisor of 15 and 1190.
5
Calculate the highest common factor of 295 and 1121.
59
Calculate the greatest common divisor of 1596 and 1216.
76
Calculate the highest common divisor of 42 and 546.
42
Calculate the highest common divisor of 1175 and 2.
1
What is the highest common divisor of 6 and 57?
3
Calculate the highest common divisor of 4776 and 995.
199
What is the greatest common divisor of 168 and 93?
3
Calculate the greatest common divisor of 6815 and 29.
29
Calculate the highest common divisor of 136 and 153.
17
What is the greatest common divisor of 204 and 136?
68
What is the highest common divisor of 102 and 442?
34
Calculate the highest common factor of 165 and 1485.
165
What is the greatest common divisor of 48 and 504?
24
Calculate the highest common factor of 1071 and 34.
17
Calculate the highest common divisor of 102 and 1275.
51
What is the highest common divisor of 156 and 36?
12
What is the highest common factor of 126 and 1106?
14
Calculate the highest common factor of 7 and 1183.
7
What is the highest common divisor of 151 and 1812?
151
Calculate the highest common factor of 5611 and 31.
31
Calculate the greatest common divisor of 286 and 156.
26
Calculate the highest common divisor of 19 and 608.
19
What is the greatest common factor of 308 and 44?
44
What is the greatest common divisor of 44 and 73172?
44
What is the highest common divisor of 697 and 51?
17
Calculate the highest common divisor of 28 and 2324.
28
What is the greatest common divisor of 12 and 204?
12
Calculate the highest common divisor of 4 and 18.
2
What is the highest common factor of 216 and 264?
24
What is the highest common factor of 9 and 279?
9
Calculate the greatest common divisor of 130 and 10.
10
Calculate the greatest common divisor of 561 and 204.
51
Calculate the greatest common factor of 10 and 245.
5
What is the highest common divisor of 7 and 23?
1
Calculate the highest common factor of 2 and 5.
1
Calculate the highest common factor of 407 and 37.
37
Calculate the greatest common factor of 1134 and 126.
126
What is the highest common factor of 20 and 43300?
20
Calculate the greatest common factor of 78 and 351.
39
Calculate the highest common divisor of 5723 and 59.
59
Calculate the greatest common factor of 5152 and 70.
14
What is the greatest common factor of 90 and 210?
30
Calculate the greatest common divisor of 108 and 207.
9
What is the highest common factor of 948 and 204?
12
What is the greatest common factor of 243 and 108?
27
What is the greatest common factor of 196 and 8?
4
What is the greatest common factor of 38 and 16967?
19
Calculate the greatest common factor of 22 and 902.
22
Calculate the highest common divisor of 98 and 42.
14
What is the highest common divisor of 126 and 1036?
14
Calculate the highest common divisor of 1890 and 14.
14
Calculate the highest common divisor of 4095 and 234.
117
Calculate the greatest common divisor of 7 and 2149.
7
What is the highest common factor of 112 and 84?
28
Calculate the highest common divisor of 871 and 67.
67
Calculate the greatest common divisor of 3168 and 128.
32
What is the greatest common divisor of 14 and 8750?
14
What is the highest common factor of 1704 and 71?
71
Calculate the highest common factor of 311 and 1.
1
Calculate the highest common divisor of 92 and 598.
46
What is the highest common factor of 14 and 128?
2
Calculate the greatest common factor of 152 and 5377.
19
What is the greatest common divisor of 93 and 24?
3
What is the greatest common factor of 399 and 76?
19
Calculate the highest common divisor of 1342 and 5002.
122
What is the greatest common factor of 122 and 549?
61
Calculate the greatest common divisor of 1728 and 64.
64
What is the greatest common divisor of 56 and 23380?
28
Calculate the highest common factor of 15 and 160.
5
What is the highest common factor of 136 and 204?
68
Calculate the greatest common factor of 6237 and 154.
77
Calculate the highest common factor of 105 and 35.
35
What is the greatest common factor of 48104 and 8?
8
What is the greatest common divisor of 36 and 66?
6
What is the greatest common divisor of 43 and 1849?
43
Calculate the greatest common factor of 3155 and 10.
5
Calculate the greatest common factor of 402 and 13869.
201
Calculate the highest common factor of 240 and 75.
15
What is the highest common factor of 155 and 62?
31
Calculate the highest common divisor of 136 and 64.
8
What is the highest common divisor of 150 and 70?
10
What is the highest common divisor of 442 and 26?
26
What is the highest common divisor of 77 and 12551?
77
What is the greatest common divisor of 442 and 104?
26
Calculate the highest common factor of 82 and 1886.
82
What is the greatest common divisor of 106 and 371?
53
Calculate the highest common divisor of 78 and 804.
6
Calculate the highest common divisor of 65 and 9.
1
What is the greatest common divisor of 42 and 56?
14
Calculate the greatest common factor of 1048 and 7729.
131
What is the greatest common divisor of 1127 and 23?
23
Calculate the highest common divisor of 22 and 506.
22
What is the highest common divisor of 60 and 270?
30
What is the highest common divisor of 16180 and 20?
20
Calculate the greatest common factor of 8 and 200.
8
What is the highest common factor of 34692 and 147?
147
What is the highest common factor of 531 and 59?
59
Calculate the greatest common divisor of 6400 and 2048.
256
Calculate the greatest common divisor of 91 and 689.
13
What is the highest common factor of 96 and 6?
6
What is the greatest common factor of 31 and 29543?
31
What is the highest common factor of 440 and 280?
40
Calculate the greatest common divisor of 750 and 30.
30
What is the highest common factor of 6886 and 44?
22
What is the highest common factor of 12 and 27?
3
What is the greatest common divisor of 2367 and 1052?
263
Calculate the greatest common factor of 800 and 675.
25
What is the greatest common divisor of 25 and 10?
5
What is the greatest common factor of 42 and 96?
6
What is the greatest common divisor of 228 and 216?
12
What is the greatest common factor of 80 and 15?
5
Calculate the greatest common factor of 26 and 117.
13
Calculate the highest common divisor of 157 and 1.
1
Calculate the highest common factor of 48 and 4240.
16
What is the highest common divisor of 63 and 777?
21
Calculate the greatest common factor of 385 and 1320.
55
What is the greatest common factor of 81 and 351?
27
Calculate the greatest common factor of 208 and 234.
26
Calculate the greatest common divisor of 28 and 406.
14
Calculate the greatest common divisor of 405 and 360.
45
Calculate the highest common divisor of 5888 and 46.
46
What is the greatest common divisor of 10224 and 72?
72
What is the highest common divisor of 18 and 8?
2
Calculate the greatest common divisor of 297 and 308.
11
What is the greatest common divisor of 